ts digit of v?
9
What is the hundreds digit of (-38*(-60)/(-35))/((36/(-6489))/2)?
4
Suppose u + 0*u - 4 = 0. Let k = 159 - 154. Suppose -a + k = 2*h - 10, 5*h - u*a - 5 = 0. What is the units digit of h?
5
Suppose 5*z + 5*m - 77312 = 64608, -28402 = -z + 5*m. What is the hundreds digit of z?
3
Let q(b) = b**3 - 16*b**2 - 16*b - 15. Let c = -5 + 22. Let n be q(c). Suppose 63 = 2*r + w, -n*r - 151 = -7*r + 4*w. What is the tens digit of r?
3
Suppose 27*v = -4*h + 22*v + 39219, -10 = 2*v. What is the units digit of h?
1
Let f be 48/9*(0 - 18/12). Let m(c) = -3*c + 14 - 16 + 2*c. What is the units digit of m(f)?
6
Let q(m) = -188*m**2. Let a be q(1). Let c = a - -611. What is the hundreds digit of c?
4
Let i(p) = p + 32. Let n be i(-8). Suppose 4*w - h - 3*h + n = 0, -w + 12 = 5*h. What is the tens digit of (-2742)/(-42) - w/(21/(-2))?
6
Let n = 245 + -237. What is the units digit of 6 - n - -8 - -1337?
3
Let f = -6128 + 9763. Let m = f - 5495. What is the units digit of -2 + m/(-9) + (-12)/(-36)?
5
Suppose -232*y - 4391494 + 17061942 = 0. What is the thousands digit of y?
4
Let d = 15462 - -3911. What is the units digit of d?
3
Let x(j) = -20 + 2*j - 33*j + 0*j - 29. What is the tens digit of x(-8)?
9
Suppose 2520 = -13*j - 7*j. Let p = j - -218. What is the units digit of p?
2
Let o(i) = -7*i - 110. Let f be o(-16). Suppose 5*u = f*l - 726, 3*l - 278 = -5*u + 786. What is the tens digit of l?
5
Let r = 94998 - 44554. What is the tens digit of r?
4
What is the units digit of 93311*(-17)/255*-15?
1
Let r be 6/(-4 - -2) - 1/1. Let z be 2/r*5*(-12)/15. Suppose -4 - 2 = -z*k. What is the units digit of k?
3
Suppose 3320 = -246*n - 233*n + 499*n. What is the tens digit of n?
6
Suppose 0 = 2*b - 9129 - 977. What is the thousands digit of b?
5
Let t = 1586 + 25360. What is the thousands digit of t?
6
Suppose -107956 - 4347366 - 3877574 = -208*j. What is the tens digit of j?
6
Let l(n) = 76*n + 2699. What is the hundreds digit of l(52)?
6
Suppose x - 3*m - 10 = 0, 2*x - 58 = -x - 5*m. Suppose -2*a + 0*a + 5*s - x = 0, s - 14 = -5*a. Suppose -a = 2*n - 96. What is the units digit of n?
7
Let x = 3398 - 910. What is the tens digit of ((-12)/(-8))/(4980/x + -2)?
3
Let l be 52/6 - 37/(-111). What is the tens digit of (l/(-27))/((-2)/4116)?
8
Let d(c) be the first derivative of -c**3/3 - 25*c**2/2 + 124*c + 81. What is the units digit of d(-25)?
4
Let h(d) = -23*d**3 - 12*d**2 - 32*d - 8. What is the thousands digit of h(-4)?
1
Suppose -166*y + 4465456 + 1256923 = -1745297. What is the tens digit of y?
8
Suppose -51*g = 149*g + 110*g - 18267680. What is the thousands digit of g?
8
What is the ten thousands digit of -13 - 30*13836/(-24)?
1
Let i(j) = -2*j**2 + j + 1. Let p(z) = -26*z**2 + 12*z + 26. Let y(u) = 5*i(u) - p(u). What is the tens digit of y(-4)?
6
Let i = 98716 + -52751. What is the units digit of i?
5
Suppose -7 = -3*c - 2*h, 2*c + 0*c - 3*h = 9. Suppose -5 = g, 2*m - c*g - 23 = m. What is the units digit of m?
8
Suppose 4*h - 64573 = -5*d, -896*h - 2*d + 80729 = -891*h. What is the ten thousands digit of h?
1
Suppose 0 = w - 3*w + 6*t + 186, 5*w + 4*t = 522. What is the tens digit of w?
0
Suppose -23*r - 5*n + 15017 = -19*r, -3*r - 4*n = -11263. What is the hundreds digit of r?
7
Suppose 5*s - 94 = j, -4*j = -j + 12. Let p be ((-27)/s)/((-1)/2). Suppose -p*k = -5*o + 351, 53 = -3*o + 4*k + 257. What is the units digit of o?
2
Suppose -8*p - 120666 = -50*p. What is the units digit of p?
3
Let v(o) = -365*o + 1449. What is the thousands digit of v(-22)?
9
Let z be 170/(-8) - 33/44. Suppose 3*m = m + 22. What is the units digit of 68/m + 4/z?
6
Let h be 894/10 - ((-12)/5)/(-6). Let x = 169 - h. Suppose x = -11*a + 12*a. What is the tens digit of a?
8
Let i(m) = m**3 - 4*m**2 + 3*m + 5. Suppose -44 = 14*j - 12*j. Let n = -16 - j. What is the tens digit of i(n)?
9
Let y(s) = -s - 16. Let u be y(-7). Let c(l) = -l**3 - 6*l**2 + 12*l - 11. Let k be c(u). Let b = k - 68. What is the units digit of b?
6
Let q(d) = -22*d**2 + 3*d + 4. Let a be q(-3). Let o = 449 + a. What is the hundreds digit of o?
2
Let q = 9597 - 5062. What is the thousands digit of q?
4
Let n = 4 - -16. Suppose 0 = f - 22 - n. Suppose 4*c - 7*c = -3*b + f, 0 = 2*c - 4. What is the tens digit of b?
1
What is the hundreds digit of 4*(627253/44 - -24)?
1
Let w = -34 - -11149. What is the tens digit of w?
1
Let j = 6015 + -2771. What is the units digit of j?
4
Suppose -15*n + 619136 = 23*n - 6*n. What is the units digit of n?
8
Let g(a) = a**3 - 22*a**2 + 6*a - 21. Suppose -9 = 3*n, 103 = 4*s - 5*n - 0. What is the hundreds digit of g(s)?
1
Let p(h) = 26*h**2 - 17*h - 4. Let x be p(6). Suppose x = 18*d - 9286. What is the tens digit of d?
6
Let m(a) = 8*a + 74. Let s be m(-25). Let g = -58 - s. What is the units digit of g?
8
Let m(d) = 9*d**2 - 25*d - 28. What is the tens digit of m(-21)?
6
Let y = 20971 - 41435. What is the tens digit of y/(-34) + (-16)/(-136)?
0
Suppose -28*q - 38726 + 12798 = 0. Let x = 2303 + q. What is the thousands digit of x?
1
Suppose 36*x - 8 = 28. Let u(d) = -329*d**2 + 19*d + 1. Let w(k) = -164*k**2 + 9*k. Let i(q) = 4*u(q) - 9*w(q). What is the units digit of i(x)?
9
What is the ten thousands digit of (-2)/3*-31353 + 14/(-10)*-5?
2
Let d(f) = -751*f - 102. Let q be d(-17). Suppose -10*x + q = -3095. What is the units digit of x?
6
What is the tens digit of 1/((-26640)/26645 + 7 - 6)?
2
Let x(d) = d**2 - 6*d - 10. Suppose -4*h + 0*h = -g - 32, h = -g + 3. Let p be x(h). What is the tens digit of p - (1/(-1) - 72)?
7
Suppose 42*a + 131666 - 407270 = 0. What is the units digit of a?
2
Suppose -3*p = z - 7242, 4*z = -3*p - 2578 + 9793. What is the tens digit of p?
1
Let b = -45 - 1036. Let w = b + 2503. What is the units digit of w?
2
Let z = 2485 + 1021. What is the thousands digit of z?
3
Let r be -35*3/(-15) - -23. Suppose -2157 = -4*u + y, u + r*y - 552 = 26*y. What is the units digit of u?
0
Let r(c) be the third derivative of -c**5/60 - 5*c**4/8 - 2*c**3 - c**2. Let k be r(-14). What is the tens digit of k + 98 + -4 + 2?
9
Let h(g) = -g**2 + 29*g + 4. Let f be h(11). Suppose 5*r + 81 = x - f, x - 251 = -3*r. Let s = -131 + x. What is the units digit of s?
2
Suppose r + 0*b = -4*b + 1286, 3*b = 0. Let x = -795 + r. What is the units digit of x?
1
Suppose 133 = -o - 52. Let z = o - -335. What is the hundreds digit of z?
1
Let q = -288 + 310. Suppose -9211 = -q*i - 741. What is the hundreds digit of i?
3
Let z = 616 - 625. Let n(c) = 10*c**2 - 12*c - 12. What is the hundreds digit of n(z)?
9
What is the tens digit of (29481/62)/(-2 + (-83)/(-40))?
4
Suppose 0 = 2*f - 11 + 53. Let i = f - -27. Suppose -80 - 40 = -i*w. What is the units digit of w?
0
Let n be 2/(-7) - ((-12276)/42)/(-6). Let q = -46 - n. Suppose 0*f - q*f + 4*m = -453, 4*m - 151 = -f. What is the tens digit of f?
5
Let n = 9 + -7. Let d(t) = -3*t**3 + 4*t**2 - 3*t + 3. Let m be d(n). Let q(y) = y**2 + 8*y - 8. What is the tens digit of q(m)?
2
Suppose d - 4*d + 45 = 0. Suppose 1088 = -11*a + d*a. Suppose 3*g + 17 = a. What is the tens digit of g?
8
Let w = 195 + -201. Let l(z) = -2*z**3 - 6*z**2 + 5*z + 12. What is the units digit of l(w)?
8
Let o = 1688 + -519. Let b = o - 783. What is the units digit of b?
6
Suppose l + 2*u - 10697 = 0, -88*l + 91*l = 2*u + 32139. What is the thousands digit of l?
0
Suppose 0 = -4*r - 29*l + 32*l + 49507, 12372 = r + 4*l. What is the ten thousands digit of r?
1
Suppose -31 = 5*i - 36. Let w(d) = 159*d**3 + 3*d**2 - 3*d + 2. What is the tens digit of w(i)?
6
Suppose 2*n = -n + 18. Suppose 3*w - 6 = n*w. What is the units digit of ((-14)/(-21))/(w/(-27) - 0)?
9
Let b be (6 - (-84)/(-8))/((-1)/(-58)). Let g = b + 183. Let k = g - -199. What is the tens digit of k?
2
Suppose u + 5*u = 12. Suppose 3*y = 3*l + 3 + 12, -4*y = -u*l - 16. Suppose -396 = -4*t + 5*q - q, -2*q + 307 = y*t. What is the units digit of t?
1
Let w(v) be the third derivative of -v**4/24 + 11*v**3/3 - 7*v**2. Let r be w(20). What is the tens digit of 2930/18 + r/9?
6
Let u be (-105 + 106)*578/2. Suppose 5*n - u = 1441. What is the tens digit of n?
4
Let n(y) = 2*y**2 + 1. Let b be n(-1). Suppose -b*j - h = -396, j - h + 660 = 6*j. What is the units digit of j?
2
Let u(o) = 495*o**2 + 31*o 